hat is the remainder when s is divided by 21?
19
What is the remainder when 74 is divided by (-6 + 1)/(3/(-9))?
14
Let k(v) = v + 4*v + 0*v + v**2. Let o be k(-5). Suppose o = 3*g - 0*g - 69. Calculate the remainder when g is divided by 12.
11
Let y = 3 + -4. Let x = y - -2. Calculate the remainder when 40 is divided by (3 - x)*21/2.
19
Suppose 10*a + 56 = 436. What is the remainder when 75 is divided by a?
37
Let n(l) be the second derivative of -l**3/2 + 6*l**2 + 2*l. Let h be n(8). Calculate the remainder when 55 is divided by -4*(69/h + 1).
17
Calculate the remainder when 22 + (2 - 3/1) is divided by 8.
5
What is the remainder when ((-2)/(-4))/(5/(1 - -69)) is divided by 2?
1
Let w(y) = y**3 + 5*y**2 + 5*y + 6. Let a be w(-4). Let h = 2 - a. Suppose 88 = 5*l + x - h*x, -3*x + 77 = 4*l. Calculate the remainder when l is divided by 10.
7
Suppose -6*i + 30 = -i. Calculate the remainder when 17 is divided by i.
5
Let c be 3/9 - 796/(-6). Suppose -2*q - c = -3*s, 0*q - q = -2*s + 88. Calculate the remainder when s is divided by (-4)/(-2) + -1 - -14.
13
Calculate the remainder when 2*((-41)/(-1) + 0) is divided by 17.
14
Suppose -k - 51 = -2*g, 0*g - k + 89 = 3*g. Suppose 0 = y - 5*y + g. Let u = y - -3. Calculate the remainder when 18 is divided by u.
8
Suppose -5*d - 42 + 187 = 0. Let r(j) be the second derivative of j**3 - 3*j**2/2 - 3*j. Calculate the remainder when d is divided by r(3).
14
Calculate the remainder when 28 is divided by 12*((-12)/(-9))/2.
4
Calculate the remainder when 32 is divided by 13 - (7 - (-3 - -6)).
5
Let i be (0 - (1 - -1)) + 7. Suppose -i*t - 40 = 5*y - 100, 0 = -y - 2. Calculate the remainder when t is divided by 5.
4
What is the remainder when 111 is divided by (-2 + 3)/((-2)/(-56))?
27
Suppose 4*q + a - 40 = -0*q, 0 = -3*q - a + 31. Suppose 0*k - 46 = -2*c - k, -3*c = -5*k - 95. What is the remainder when c is divided by q?
7
Let q(h) = -h**3 - 9*h**2 + 5*h - 1. Let k be q(-10). What is the remainder when -1 + 8/(-4) + k is divided by 12?
10
Suppose -5*x - 10 = -6*x. Let q = 24 - -12. What is the remainder when q is divided by x?
6
Let m be (0 + -4)/(2/(-4)). Let l = -12 + m. Let h = l + 11. What is the remainder when h is divided by 4?
3
Let y = -170 + 174. Calculate the remainder when 14 is divided by y.
2
Let y = 139 - 54. What is the remainder when y is divided by 44?
41
Suppose 4*a - 17 = -2*j + a, 0 = 4*j - 3*a - 61. Suppose 2*g + 3*g + 7 = -k, 2*g = -k + 2. What is the remainder when j is divided by k?
5
What is the remainder when 5 + -4*4/(-1) is divided by 5?
1
Let f = -129 + 158. Suppose -h = -1, -2*h = 3*v - 1 - 7. Let b = 14 + v. Calculate the remainder when f is divided by b.
13
Let p = 29 - 16. Calculate the remainder when p is divided by 3.
1
Suppose 5*n - 23 = 3*w - 7, w + 22 = 5*n. What is the remainder when 21 is divided by n?
1
Let i = 95 - -4. What is the remainder when i is divided by 26?
21
Suppose -2*i = -4*g - 8, -2*i + 5*g + 16 = 2*i. Suppose -20 = 5*w, q - 19 = 4*q + i*w. Calculate the remainder when 30 is divided by -16*(q - (0 + 0)).
14
Suppose -18 = -3*s + i, -2 = -2*s - 2*i + 6*i. Suppose 27 = 4*l + s, 4*z + 3 = -l. Calculate the remainder when 34 is divided by ((-18)/(z + 0))/1.
7
Suppose -6*i + 5*i + 16 = 0. Suppose 4*g - 16 - i = 0. Calculate the remainder when 23 + 2/(-4)*0 is divided by g.
7
Let y be ((-74)/(-8))/((-10)/(-40)). Let f = y - 14. What is the remainder when f is divided by 8?
7
Suppose 6*n = n + 75. Calculate the remainder when 28 is divided by n.
13
Let j(o) = 6*o + 2. Suppose -7 - 1 = -4*y. Calculate the remainder when 26 is divided by j(y).
12
Let z be (-2)/((-8)/12) - -19. Let n = z + 25. Calculate the remainder when n is divided by 16.
15
Suppose p = -y + 7, y = 4*p + 2*y - 22. Suppose -o - 2*q + 30 = 5, 5*o = q + 81. Let h = o + 1. What is the remainder when h is divided by p?
3
Suppose -4*n - 78 - 52 = -5*g, 0 = -5*n. Let k(c) = 5*c**2 + 2*c + 4. Calculate the remainder when k(-4) is divided by g.
24
Let d = 193 + -101. Suppose 0 = 3*c + x - 53, -d = -3*c - c + 4*x. Calculate the remainder when c is divided by 10.
9
Let o = 5 - -30. What is the remainder when 242 is divided by o?
32
Suppose 2*h + 22 = 2*s, -2*h + 50 = 2*s + 2*s. Calculate the remainder when 33 is divided by s.
9
Let a(l) = l + 10. Let z(s) = -s - 3. Let x be z(-7). Suppose x*n = 5*n - 18. What is the remainder when n is divided by a(0)?
8
Suppose 2*b = -r + 6*r + 2, 0 = -r + 4*b - 4. Suppose 3*g - 43 + 4 = r. Let j = 67 - 30. Calculate the remainder when j is divided by g.
11
Suppose 28*t - 27*t - 8 = 0. Calculate the remainder when 31 is divided by t.
7
Suppose p = r - 2*p - 4, -p = 3*r + 28. Let h(y) = y**2 + y - 5. Let c be h(r). Suppose c = 5*g - 69. What is the remainder when g is divided by 13?
11
Let d = 4 + 5. Calculate the remainder when 24 is divided by d.
6
Let i = -290 + 582. Calculate the remainder when i is divided by 42.
40
Let o = 54 - 27. Calculate the remainder when o is divided by 10.
7
Let m be 22/99 + 176/18. Let y = 23 - m. Calculate the remainder when 36 is divided by y.
10
Let u(k) = 4*k. Let p(a) = 4*a. Let h(l) = -5*p(l) + 4*u(l). Let g be 15/(-2)*12/18. What is the remainder when h(g) is divided by 7?
6
Let k(q) = 26*q**2 - q. Let l(o) = -o**3 - o**2 + 2*o + 2. Calculate the remainder when k(-1) is divided by l(-3).
13
Suppose -5*x = 5 + 20. Let k = 23 - x. Let p = -2 + 12. What is the remainder when k is divided by p?
8
Let l = 14 - -6. What is the remainder when 56 is divided by l?
16
Let s(p) = 2*p + 16. What is the remainder when s(9) is divided by 12?
10
Suppose 9*f = -5*f + 2576. Calculate the remainder when f is divided by 31.
29
Let m(z) = z**2 + 4*z - 8. Suppose 5*u - 117 = -2. Calculate the remainder when u is divided by m(-7).
10
Let h be (-32)/(-14) - (-4)/(-14). Suppose w = -h + 24. What is the remainder when w/1 - 3/(-1) is divided by 13?
12
Suppose -3*d = -0*d - 12. Let k(v) = 3*v + 1. Suppose 2*x - 4*u + 24 = 3*x, 3*u = x + 11. Calculate the remainder when k(d) is divided by x.
1
Let r(u) = 3*u - 11. What is the remainder when r(12) is divided by 4?
1
Let n(o) = o**3 - o**2 + 3*o - 2. Let r = 11 - -11. Calculate the remainder when r is divided by n(2).
6
Let k(h) = 5*h**3 - 2*h**2 - 1. Calculate the remainder when k(2) is divided by 8.
7
Suppose 2*v = 4*g + 170, -2*v - 5*g = -195 - 20. Calculate the remainder when v is divided by 24.
23
Let n = 26 + -13. Suppose -2*q + 250 = -0*q. Let h = q + -87. Calculate the remainder when h is divided by n.
12
Let i(a) = -8*a - 21. Let w = -15 - -90. What is the remainder when w is divided by i(-5)?
18
Let s be (-49)/3 + 10/(-15). Let j = 36 + s. What is the remainder when j is divided by 5?
4
Let o(m) = 2*m**2 + 23*m + 33. Calculate the remainder when o(-18) is divided by 54.
51
Let z = 18 + -13. Suppose 219 = z*i - 131. Suppose 5*m = -15 + i. What is the remainder when 30 is divided by m?
8
Let d(z) = -28*z. Let v be d(-3). Suppose -24 = -4*p + v. Calculate the remainder when p is divided by 14.
13
Suppose -4 = -d - j + 2, d + 4*j = 12. Suppose d*y + 29 = 5*f, -4*y + 13 - 2 = 3*f. What is the remainder when f is divided by 1 - (-1)/(1 - 0)?
1
Let b = -4 - -3. Let x be (-4 - (-1 + b)) + -2. Calculate the remainder when (-18)/x + 2/(-4) is divided by 2.
0
Let k = -196 - -220. What is the remainder when 83 is divided by k?
11
Suppose 3*p = -0*p - 2*w + 15, 5*w = 2*p - 29. Let h = p + -4. What is the remainder when 7 is divided by h?
1
Let b = 121 + -54. Calculate the remainder when b is divided by 14.
11
Let n be (-2)/3 - 6/(-9). Suppose n*l = 4*l - 16. Let q = 12 + -1. What is the remainder when q is divided by l?
3
Let d = 82 + -45. Let j = 17 - 4. Calculate the remainder when d is divided by j.
11
Suppose 3*q - 1 = 4*q. Calculate the remainder when 33 is divided by 9/1 + 4 + q.
9
Suppose -2*h + 3*w = 5 - 28, h - 3*w - 13 = 0. Let j(x) = -5*x + 2. What is the remainder when j(-7) is divided by h?
7
Suppose -31 - 49 = 5*t. Let p = 28 + t. Suppose 4*s = 48 + 92. Calculate the remainder when s is divided by p.
11
Let j(g) = g + 2. Let r(m) = m. Let c(n) = j(n) + 2*r(n). What is the remainder when c(4) is divided by (-39)/(-5) + 3/15?
6
Let d = 51 + -25. Let h(o) = -o**3 + 9*o**2 + 9*o + 9. Let f be h(10). Let 